{"id":119,"date":"2023-05-20T16:33:43","date_gmt":"2023-05-20T14:33:43","guid":{"rendered":"http:\/\/xn--gtes-saint-vran-mnb7e.fr\/?page_id=119"},"modified":"2025-06-05T10:57:53","modified_gmt":"2025-06-05T08:57:53","slug":"prix-et-condition-generales","status":"publish","type":"page","link":"https:\/\/xn--gtes-saint-vran-mnb7e.fr\/?page_id=119","title":{"rendered":"PRIX et condition g\u00e9n\u00e9rales"},"content":{"rendered":"\n<figure class=\"wp-block-image size-full\"><img loading=\"lazy\" decoding=\"async\" width=\"565\" height=\"192\" src=\"https:\/\/xn--gtes-saint-vran-mnb7e.fr\/wp-content\/uploads\/2025\/06\/prix-2025-2026.png\" alt=\"\" class=\"wp-image-279\" srcset=\"https:\/\/xn--gtes-saint-vran-mnb7e.fr\/wp-content\/uploads\/2025\/06\/prix-2025-2026.png 565w, https:\/\/xn--gtes-saint-vran-mnb7e.fr\/wp-content\/uploads\/2025\/06\/prix-2025-2026-300x102.png 300w\" sizes=\"auto, (max-width: 565px) 100vw, 565px\" \/><\/figure>\n\n\n\n<p>Prix pour une semaine du samedi arriv\u00e9e 16 h au samedi d\u00e9part 10h<\/p>\n\n\n\n<p>Les prix sont TTC .Toutes les charges sont incluses : \u00e9lectricit\u00e9,gaz ,eau chaude ,chauffage l&#8217;hiver.<\/p>\n\n\n\n<p>ATTENTION :<strong>Taxe de s\u00e9jour en sus<\/strong> per\u00e7ue par le propri\u00e9taire et revers\u00e9e \u00e0 la Communaut\u00e9 de communes.<\/p>\n\n\n\n<p><strong> 1,10\u20ac par adulte +18 ans et par nuit\u00e9e<\/strong><\/p>\n\n\n\n<p>(1\u20ac comcom+10% D\u00e9partement des Hautes-Alpes)<\/p>\n\n\n\n<h4 class=\"wp-block-heading\">Ch\u00e8ques Vacances accept\u00e9s<\/h4>\n\n\n\n<p><strong>CONDITIONS GENERALES DE LOCATION<\/strong> Ce contrat est exclusivement r\u00e9serv\u00e9 \u00e0 la location de meubl\u00e9(s) saisonnier(s)<\/p>\n\n\n\n<p><strong>1 &#8211; <\/strong><strong>Occupation des locaux meubl\u00e9s<\/strong><strong> :<\/strong> La location est consentie pour un s\u00e9jour qui commencera et se terminera les jours, dates et heures indiqu\u00e9s sur le contrat. Le locataire, signataire du pr\u00e9sent contrat, ne pourra en aucune circonstance se pr\u00e9valoir d&#8217;un quelconque droit au maintien dans les lieux \u00e0 l&#8217;issue de la p\u00e9riode de location. La location conclue entre les parties au pr\u00e9sent contrat ne peut en aucun cas b\u00e9n\u00e9ficier \u00e0 des tiers, sauf accord du propri\u00e9taire. Le locataire est tenu de signaler tout mauvais fonctionnement des services. Le locataire devra assurer le caract\u00e8re paisible de la location et en faire usage conform\u00e9ment \u00e0 la destination des lieux.<\/p>\n\n\n\n<p><strong>2 &#8211; <\/strong><strong>Nombre de locataires<\/strong><strong> :<\/strong> le locataire ayant \u00e9t\u00e9 inform\u00e9 dans le pr\u00e9sent engagement de location du nombre maximal de personnes pour lequel la location est consentie, un d\u00e9passement de ce nombre (sauf accord express par \u00e9crit du propri\u00e9taire) constituerait une annulation imm\u00e9diate du pr\u00e9sent contrat et les sommes vers\u00e9es ne seraient alors pas rembours\u00e9es.<\/p>\n\n\n\n<p><strong>3 &#8211; <\/strong><strong>Animaux <\/strong><strong>:<\/strong> au cas par cas apr\u00e8s accord avec le propri\u00e9taire de l&#8217;animal qui sera responsable de son comportement .<\/p>\n\n\n\n<p><strong>4 &#8211; <\/strong><strong>Paiement<\/strong><strong> :<\/strong> la r\u00e9servation devient effective d\u00e9s lors que le locataire aura fait parvenir au propri\u00e9taire un acompte de 25 % du montant de la location, et un exemplaire du contrat sign\u00e9.<br>Le solde de la location sera vers\u00e9 \u00e0 l&#8217;entr\u00e9e dans les lieux.<\/p>\n\n\n\n<p><strong>5 &#8211; <\/strong><strong>Annulation<\/strong><strong> :<\/strong> Toute annulation doit \u00eatre notifi\u00e9e par lettre recommand\u00e9e ou t\u00e9l\u00e9gramme.<br>En cas d&#8217;interruption anticip\u00e9e du s\u00e9jour par le locataire, et si la responsabilit\u00e9 du propri\u00e9taire n&#8217;est pas mise en cause, il ne sera proc\u00e9d\u00e9 \u00e0 aucun remboursement.<\/p>\n\n\n\n<p><strong>6 &#8211; <\/strong><strong>Prix<\/strong><strong> :<\/strong> les prix sont \u00e9tablis en Euros.&nbsp;<\/p>\n\n\n\n<p><strong>7 &#8211; <\/strong><strong>Inventaire et \u00e9tat des lieux<\/strong><strong> :<\/strong> Le locataire sera responsable des objets port\u00e9s sur l&#8217;inventaire, d\u00e9pos\u00e9 dans le classeur de bienvenue et sera tenu de rembourser le prix des objets d\u00e9t\u00e9rior\u00e9s et si n\u00e9cessaire leur remise en \u00e9tat. Le locataire devra signaler toute d\u00e9t\u00e9rioration ou casse survenue pendant son s\u00e9jour. Le locataire s&#8217;engage \u00e0 rendre le meubl\u00e9 \u00e0 son d\u00e9part aussi propre qu&#8217;il l&#8217;aura trouv\u00e9 \u00e0 son arriv\u00e9e.<\/p>\n\n\n\n<p><strong>8 &#8211; <\/strong><strong>Assurance<\/strong><strong> :<\/strong> le locataire sera tenu de s&#8217;assurer contre les dommages de toute nature susceptibles d&#8217;engager sa responsabilit\u00e9 (relisez votre contrat multirisques habitation ou v\u00e9rifiez aupr\u00e8s de votre assureur que ce dernier comporte une clause &#8220;vill\u00e9giature&#8221; adapt\u00e9e \u00e0 la location&nbsp; sous toutes r\u00e9serves).<\/p>\n","protected":false},"excerpt":{"rendered":"<p>Prix pour une semaine du samedi arriv\u00e9e 16 h au samedi d\u00e9part 10h Les prix sont TTC .Toutes les charges sont incluses : \u00e9lectricit\u00e9,gaz ,eau chaude ,chauffage l&#8217;hiver. ATTENTION :Taxe de s\u00e9jour en sus per\u00e7ue par le propri\u00e9taire et revers\u00e9e \u00e0 la Communaut\u00e9 de communes. 1,10\u20ac par adulte +18 ans et par nuit\u00e9e (1\u20ac comcom+10%&hellip; <a class=\"more-link\" href=\"https:\/\/xn--gtes-saint-vran-mnb7e.fr\/?page_id=119\">Continue reading <span class=\"screen-reader-text\">PRIX et condition g\u00e9n\u00e9rales<\/span><\/a><\/p>\n","protected":false},"author":1,"featured_media":0,"parent":0,"menu_order":0,"comment_status":"closed","ping_status":"closed","template":"","meta":{"footnotes":""},"class_list":["post-119","page","type-page","status-publish","hentry","entry"],"_links":{"self":[{"href":"https:\/\/xn--gtes-saint-vran-mnb7e.fr\/index.php?rest_route=\/wp\/v2\/pages\/119","targetHints":{"allow":["GET"]}}],"collection":[{"href":"https:\/\/xn--gtes-saint-vran-mnb7e.fr\/index.php?rest_route=\/wp\/v2\/pages"}],"about":[{"href":"https:\/\/xn--gtes-saint-vran-mnb7e.fr\/index.php?rest_route=\/wp\/v2\/types\/page"}],"author":[{"embeddable":true,"href":"https:\/\/xn--gtes-saint-vran-mnb7e.fr\/index.php?rest_route=\/wp\/v2\/users\/1"}],"replies":[{"embeddable":true,"href":"https:\/\/xn--gtes-saint-vran-mnb7e.fr\/index.php?rest_route=%2Fwp%2Fv2%2Fcomments&post=119"}],"version-history":[{"count":6,"href":"https:\/\/xn--gtes-saint-vran-mnb7e.fr\/index.php?rest_route=\/wp\/v2\/pages\/119\/revisions"}],"predecessor-version":[{"id":280,"href":"https:\/\/xn--gtes-saint-vran-mnb7e.fr\/index.php?rest_route=\/wp\/v2\/pages\/119\/revisions\/280"}],"wp:attachment":[{"href":"https:\/\/xn--gtes-saint-vran-mnb7e.fr\/index.php?rest_route=%2Fwp%2Fv2%2Fmedia&parent=119"}],"curies":[{"name":"wp","href":"https:\/\/api.w.org\/{rel}","templated":true}]}}