{"id":258,"date":"2023-05-24T16:13:02","date_gmt":"2023-05-24T14:13:02","guid":{"rendered":"https:\/\/xn--gtes-saint-vran-mnb7e.fr\/?page_id=258"},"modified":"2023-05-24T16:46:39","modified_gmt":"2023-05-24T14:46:39","slug":"descriptif-gite-3","status":"publish","type":"page","link":"https:\/\/xn--gtes-saint-vran-mnb7e.fr\/?page_id=258","title":{"rendered":"Descriptif g\u00eete 3"},"content":{"rendered":"\n<p><strong>D\u00e9sol\u00e9,ce g\u00eete n&#8217;est pas \u00e0 louer&#8230;c&#8217;est l\u00e0 qu&#8217;on habite ! \ud83d\ude42<\/strong><\/p>\n","protected":false},"excerpt":{"rendered":"<p>D\u00e9sol\u00e9,ce g\u00eete n&#8217;est pas \u00e0 louer&#8230;c&#8217;est l\u00e0 qu&#8217;on habite ! \ud83d\ude42<\/p>\n","protected":false},"author":1,"featured_media":0,"parent":0,"menu_order":0,"comment_status":"closed","ping_status":"closed","template":"","meta":{"footnotes":""},"class_list":["post-258","page","type-page","status-publish","hentry","entry"],"_links":{"self":[{"href":"https:\/\/xn--gtes-saint-vran-mnb7e.fr\/index.php?rest_route=\/wp\/v2\/pages\/258","targetHints":{"allow":["GET"]}}],"collection":[{"href":"https:\/\/xn--gtes-saint-vran-mnb7e.fr\/index.php?rest_route=\/wp\/v2\/pages"}],"about":[{"href":"https:\/\/xn--gtes-saint-vran-mnb7e.fr\/index.php?rest_route=\/wp\/v2\/types\/page"}],"author":[{"embeddable":true,"href":"https:\/\/xn--gtes-saint-vran-mnb7e.fr\/index.php?rest_route=\/wp\/v2\/users\/1"}],"replies":[{"embeddable":true,"href":"https:\/\/xn--gtes-saint-vran-mnb7e.fr\/index.php?rest_route=%2Fwp%2Fv2%2Fcomments&post=258"}],"version-history":[{"count":1,"href":"https:\/\/xn--gtes-saint-vran-mnb7e.fr\/index.php?rest_route=\/wp\/v2\/pages\/258\/revisions"}],"predecessor-version":[{"id":259,"href":"https:\/\/xn--gtes-saint-vran-mnb7e.fr\/index.php?rest_route=\/wp\/v2\/pages\/258\/revisions\/259"}],"wp:attachment":[{"href":"https:\/\/xn--gtes-saint-vran-mnb7e.fr\/index.php?rest_route=%2Fwp%2Fv2%2Fmedia&parent=258"}],"curies":[{"name":"wp","href":"https:\/\/api.w.org\/{rel}","templated":true}]}}